{"id":71,"date":"2025-10-20T08:55:41","date_gmt":"2025-10-20T08:55:41","guid":{"rendered":"https:\/\/charming-morse.78-46-39-254.plesk.page\/?page_id=71"},"modified":"2025-10-20T08:55:41","modified_gmt":"2025-10-20T08:55:41","slug":"homepage-t","status":"publish","type":"page","link":"https:\/\/charming-morse.78-46-39-254.plesk.page\/?page_id=71","title":{"rendered":"homepage t"},"content":{"rendered":"\n\n\n\nWir stehen Ihnen mit Rat und Tat zu Seite\n\n\n\nDer Vorstand, die Aussch\u00fcsse und die Kammerversammlung der Tier\u00e4rztekammer Schleswig-Holstein unterst\u00fctzen Sie als Tier\u00e4rztinnen und Tier\u00e4rzte\n\n\n\n\n\nWie funktioniert die Tier\u00e4rztekammer\n\n\n\nDie Organe der Tier\u00e4rztekammer Schleswig-Holstein sind der Vorstand (z.Zt. bestehend aus Pr\u00e4sidentin, Vizepr\u00e4sident&nbsp;und vier&nbsp;weiteren Vorstandsmitgliedern) und die Kammerversammlung (z.Zt. 51&nbsp;Mitglieder). Der Vorstand f\u00fchrt die Gesch\u00e4fte der Kammer, seine Sitzungen sind nicht \u00f6ffentlich. Die Kammerversammlung beschlie\u00dft \u00fcber alle Angelegenheiten der Kammer von allgemeiner Bedeutung, alle Kammermitglieder sind berechtigt, an den Sitzungen der Kammerversammlung teilzunehmen. Die Kammerversammlung w\u00e4hlt gesetzliche und beratende Aussch\u00fcsse, welche die von der Kammerversammlung oder durch den Vorstand \u00fcbertragene Aufgaben erledigen. Die Ausschusssitzungen sind nicht \u00f6ffentlich.\n\n\n\n\n\n\n\n\nTier\u00e4rztekammer Schleswig-Holstein\n\n\n\n<p>K\u00f6rperschaft des \u00f6ffentliches Rechts<\/p>\n\n\n\n\n\n\n\n\n\ud83d\udccd Hamburger Stra\u00dfe 99A, 25746 Heide\n\n\n\n\n\n\ud83d\udcde +49 (481) 5542\n\n\n\n\n\n\ud83d\udce0+49 (481) 88 335\n\n\n\n\n\n\u2709 schleswig-holstein@tieraerztekammer.de\n\n\n\n","protected":false},"excerpt":{"rendered":"","protected":false},"author":1,"featured_media":0,"parent":0,"menu_order":0,"comment_status":"closed","ping_status":"closed","template":"","meta":{"_eb_attr":"","ngg_post_thumbnail":0,"_kad_post_transparent":"","_kad_post_title":"","_kad_post_layout":"","_kad_post_sidebar_id":"","_kad_post_content_style":"","_kad_post_vertical_padding":"","_kad_post_feature":"","_kad_post_feature_position":"","_kad_post_header":false,"_kad_post_footer":false,"footnotes":""},"class_list":["post-71","page","type-page","status-publish","hentry"],"_links":{"self":[{"href":"https:\/\/charming-morse.78-46-39-254.plesk.page\/index.php?rest_route=\/wp\/v2\/pages\/71","targetHints":{"allow":["GET"]}}],"collection":[{"href":"https:\/\/charming-morse.78-46-39-254.plesk.page\/index.php?rest_route=\/wp\/v2\/pages"}],"about":[{"href":"https:\/\/charming-morse.78-46-39-254.plesk.page\/index.php?rest_route=\/wp\/v2\/types\/page"}],"author":[{"embeddable":true,"href":"https:\/\/charming-morse.78-46-39-254.plesk.page\/index.php?rest_route=\/wp\/v2\/users\/1"}],"replies":[{"embeddable":true,"href":"https:\/\/charming-morse.78-46-39-254.plesk.page\/index.php?rest_route=%2Fwp%2Fv2%2Fcomments&post=71"}],"version-history":[{"count":0,"href":"https:\/\/charming-morse.78-46-39-254.plesk.page\/index.php?rest_route=\/wp\/v2\/pages\/71\/revisions"}],"wp:attachment":[{"href":"https:\/\/charming-morse.78-46-39-254.plesk.page\/index.php?rest_route=%2Fwp%2Fv2%2Fmedia&parent=71"}],"curies":[{"name":"wp","href":"https:\/\/api.w.org\/{rel}","templated":true}]}}